{"id":773,"date":"2025-03-01T09:04:43","date_gmt":"2025-03-01T02:04:43","guid":{"rendered":"https:\/\/boleo.org\/?page_id=773"},"modified":"2025-03-01T09:05:34","modified_gmt":"2025-03-01T02:05:34","slug":"ve-chung-toi","status":"publish","type":"page","link":"https:\/\/boleo.org\/?page_id=773","title":{"rendered":"V\u1ec1 Ch\u00fang T\u00f4i &#8211; N\u01a1i Cung C\u1ea5p Ki\u1ebfn Th\u1ee9c V\u00e0 Th\u00f4ng Tin B\u00f3ng \u0110\u00e1"},"content":{"rendered":"<p><span style=\"font-weight: 400;\">Ch\u00e0o c\u00e1c anh em \u0111am m\u00ea b\u00f3ng \u0111\u00e1 v\u00e0 c\u00e1 c\u01b0\u1ee3c! N\u1ebfu b\u1ea1n l\u00e0 m\u1ed9t ng\u01b0\u1eddi th\u00edch theo d\u00f5i c\u00e1c tr\u1eadn \u0111\u1ea5u, t\u00ecm hi\u1ec3u s\u00e2u v\u1ec1 c\u00e1c \u0111\u1ed9i b\u00f3ng, c\u1ea7u th\u1ee7 v\u00e0 nh\u1eefng chi\u1ebfn thu\u1eadt tr\u00ean s\u00e2n c\u1ecf, th\u00ec ch\u1eafc ch\u1eafn b\u1ea1n kh\u00f4ng th\u1ec3 b\u1ecf qua trang web <a href=\"http:\/\/boleo.org\"><strong>Boleo.org<\/strong><\/a>. V\u1ec1 ch\u00fang t\u00f4i l\u00e0 m\u1ed9t \u0111\u1ecba ch\u1ec9 c\u1ef1c k\u1ef3 h\u1eefu \u00edch d\u00e0nh cho nh\u1eefng ai mu\u1ed1n c\u00f3 c\u00e1i nh\u00ecn t\u1ed5ng quan v\u1ec1 b\u00f3ng \u0111\u00e1, t\u1eeb c\u00e1c th\u00f4ng tin tr\u1eadn \u0111\u1ea5u cho \u0111\u1ebfn ki\u1ebfn th\u1ee9c chuy\u00ean s\u00e2u, \u0111\u1eb7c bi\u1ec7t l\u00e0 d\u00e0nh cho nh\u1eefng ai \u0111ang tham gia c\u00e1 c\u01b0\u1ee3c b\u00f3ng \u0111\u00e1.<\/span><\/p>\n<h2><b>V\u1ec1 ch\u00fang t\u00f4i<\/b><\/h2>\n<p><span style=\"font-weight: 400;\">Khi n\u00f3i \u0111\u1ebfn c\u00e1 c\u01b0\u1ee3c b\u00f3ng \u0111\u00e1, ngo\u00e0i vi\u1ec7c bi\u1ebft r\u00f5 v\u1ec1 tr\u1eadn \u0111\u1ea5u s\u1eafp t\u1edbi, c\u00e1c \u0111\u1ed9i b\u00f3ng, phong \u0111\u1ed9 c\u1ea7u th\u1ee7 v\u00e0 c\u00e1c y\u1ebfu t\u1ed1 b\u00ean l\u1ec1, vi\u1ec7c hi\u1ec3u r\u00f5 ki\u1ebfn th\u1ee9c b\u00f3ng \u0111\u00e1 t\u1ed5ng quan c\u0169ng \u0111\u00f3ng vai tr\u00f2 c\u1ef1c k\u1ef3 quan tr\u1ecdng. V\u1ec1 ch\u00fang t\u00f4i Boleo.org ch\u00ednh l\u00e0 m\u1ed9t trang web kh\u00f4ng th\u1ec3 thi\u1ebfu cho nh\u1eefng ng\u01b0\u1eddi \u0111am m\u00ea c\u00e1 c\u01b0\u1ee3c, b\u1edfi n\u00f3 cung c\u1ea5p cho b\u1ea1n t\u1ea5t c\u1ea3 nh\u1eefng th\u00f4ng tin c\u1ea7n thi\u1ebft \u0111\u1ec3 \u0111\u01b0a ra quy\u1ebft \u0111\u1ecbnh \u0111\u00fang \u0111\u1eafn tr\u01b0\u1edbc m\u1ed7i tr\u1eadn \u0111\u1ea5u.<\/span><\/p>\n<p><span style=\"font-weight: 400;\">Trang web n\u00e0y kh\u00f4ng ch\u1ec9 chia s\u1ebb nh\u1eefng tin t\u1ee9c b\u00f3ng \u0111\u00e1 c\u01a1 b\u1ea3n m\u00e0 c\u00f2n cung c\u1ea5p nh\u1eefng ph\u00e2n t\u00edch, d\u1ef1 \u0111o\u00e1n v\u1ec1 c\u00e1c tr\u1eadn \u0111\u1ea5u, phong \u0111\u1ed9 c\u1ee7a c\u00e1c \u0111\u1ed9i b\u00f3ng v\u00e0 th\u1eadm ch\u00ed c\u1ea3 t\u1ef7 l\u1ec7 c\u00e1 c\u01b0\u1ee3c. \u0110i\u1ec1u n\u00e0y s\u1ebd gi\u00fap b\u1ea1n c\u00f3 c\u00e1i nh\u00ecn r\u00f5 r\u00e0ng h\u01a1n, t\u1eeb \u0111\u00f3 \u0111\u01b0a ra nh\u1eefng quy\u1ebft \u0111\u1ecbnh c\u00e1 c\u01b0\u1ee3c th\u00f4ng minh v\u00e0 ch\u00ednh x\u00e1c h\u01a1n.<\/span><\/p>\n<h2><b>C\u1eadp Nh\u1eadt Tin T\u1ee9c Nhanh Ch\u00f3ng V\u00e0 Ch\u00ednh X\u00e1c<\/b><\/h2>\n<p><span style=\"font-weight: 400;\">M\u1ed9t trong nh\u1eefng y\u1ebfu t\u1ed1 quan tr\u1ecdng khi c\u00e1 c\u01b0\u1ee3c b\u00f3ng \u0111\u00e1 l\u00e0 th\u00f4ng tin lu\u00f4n ph\u1ea3i \u0111\u01b0\u1ee3c c\u1eadp nh\u1eadt li\u00ean t\u1ee5c v\u00e0 ch\u00ednh x\u00e1c. B\u1ea1n c\u1ea7n bi\u1ebft nh\u1eefng tin t\u1ee9c m\u1edbi nh\u1ea5t v\u1ec1 \u0111\u1ed9i b\u00f3ng, t\u00ecnh h\u00ecnh ch\u1ea5n th\u01b0\u01a1ng, chi\u1ebfn thu\u1eadt c\u1ee7a hu\u1ea5n luy\u1ec7n vi\u00ean, v\u00e0 nh\u1eefng thay \u0111\u1ed5i tr\u01b0\u1edbc tr\u1eadn \u0111\u1ea5u. V\u1ec1 ch\u00fang t\u00f4i Boleo.org cung c\u1ea5p th\u00f4ng tin nhanh ch\u00f3ng v\u00e0 ch\u00ednh x\u00e1c v\u1ec1 t\u1ea5t c\u1ea3 c\u00e1c \u0111\u1ea5u tr\u01b0\u1eddng danh gi\u00e1 b\u1eadc nh\u1ea5t tr\u00ean th\u1ebf gi\u1edbi.<\/span><\/p>\n<p><img loading=\"lazy\" decoding=\"async\" class=\"aligncenter size-full wp-image-748\" src=\"https:\/\/boleo.org\/wp-content\/uploads\/2025\/03\/5-1.webp\" alt=\"\" width=\"800\" height=\"450\" \/><\/p>\n<p><span style=\"font-weight: 400;\">V\u1ec1 ch\u00fang t\u00f4i th\u01b0\u1eddng xuy\u00ean c\u1eadp nh\u1eadt nh\u1eefng tin t\u1ee9c n\u00f3ng h\u1ed5i t\u1eeb c\u00e1c gi\u1ea3i \u0111\u1ea5u nh\u01b0 Premier League, La Liga, Serie A, Bundesliga v\u00e0 c\u00e1c \u0111\u1ea5u tr\u01b0\u1eddng danh gi\u00e1 b\u1eadc nh\u1ea5t tr\u00ean th\u1ebf gi\u1edbi. N\u1ebfu b\u1ea1n mu\u1ed1n theo d\u00f5i c\u00e1c th\u00f4ng tin chi ti\u1ebft v\u1ec1 c\u00e1c \u0111\u1ed9i b\u00f3ng, c\u1ea7u th\u1ee7 ho\u1eb7c s\u1ef1 ki\u1ec7n \u0111\u1eb7c bi\u1ec7t, Boleo.org s\u1ebd l\u00e0 ngu\u1ed3n t\u00e0i nguy\u00ean kh\u00f4ng th\u1ec3 thi\u1ebfu.<\/span><\/p>\n<h2><b>Ki\u1ebfn Th\u1ee9c C\u00e1 C\u01b0\u1ee3c Chuy\u00ean S\u00e2u<\/b><\/h2>\n<p><span style=\"font-weight: 400;\">Kh\u00f4ng ch\u1ec9 d\u1eebng l\u1ea1i \u1edf vi\u1ec7c cung c\u1ea5p th\u00f4ng tin v\u1ec1 b\u00f3ng \u0111\u00e1, Boleo.org c\u00f2n l\u00e0 n\u01a1i cung c\u1ea5p c\u00e1c ki\u1ebfn th\u1ee9c c\u00e1 c\u01b0\u1ee3c chuy\u00ean s\u00e2u. B\u1ea1n s\u1ebd t\u00ecm th\u1ea5y nh\u1eefng b\u00e0i vi\u1ebft chia s\u1ebb kinh nghi\u1ec7m c\u00e1 c\u01b0\u1ee3c, nh\u1eefng chi\u1ebfn thu\u1eadt gi\u00fap b\u1ea1n t\u0103ng c\u01a1 h\u1ed9i chi\u1ebfn th\u1eafng, c\u0169ng nh\u01b0 c\u00e1ch ph\u00e2n t\u00edch c\u00e1c t\u1ef7 l\u1ec7 c\u01b0\u1ee3c \u0111\u1ec3 \u0111\u01b0a ra quy\u1ebft \u0111\u1ecbnh th\u00f4ng minh.<\/span><\/p>\n<p><span style=\"font-weight: 400;\">Trang web n\u00e0y gi\u00fap b\u1ea1n hi\u1ec3u r\u00f5 h\u01a1n v\u1ec1 c\u00e1ch c\u00e1c nh\u00e0 c\u00e1i \u0111\u01b0a ra t\u1ef7 l\u1ec7 c\u01b0\u1ee3c, l\u00e0m th\u1ebf n\u00e0o \u0111\u1ec3 \u0111\u1ecdc hi\u1ec3u c\u00e1c k\u00e8o c\u01b0\u1ee3c v\u00e0 ph\u00e2n t\u00edch th\u00f4ng tin \u0111\u1ec3 t\u00ecm ra k\u00e8o ngon. \u0110\u1eb7c bi\u1ec7t, n\u1ebfu b\u1ea1n m\u1edbi b\u1eaft \u0111\u1ea7u v\u1edbi c\u00e1 c\u01b0\u1ee3c b\u00f3ng \u0111\u00e1, Boleo.org s\u1ebd l\u00e0 ng\u01b0\u1eddi b\u1ea1n \u0111\u1ed3ng h\u00e0nh l\u00fd t\u01b0\u1edfng \u0111\u1ec3 b\u1ea1n h\u1ecdc h\u1ecfi v\u00e0 n\u00e2ng cao k\u1ef9 n\u0103ng c\u00e1 c\u01b0\u1ee3c c\u1ee7a m\u00ecnh.<\/span><\/p>\n<h2><b>D\u1ef1 \u0110o\u00e1n V\u00e0 Ph\u00e2n T\u00edch Tr\u1eadn \u0110\u1ea5u<\/b><\/h2>\n<p><span style=\"font-weight: 400;\">N\u1ebfu b\u1ea1n l\u00e0 ng\u01b0\u1eddi th\u00edch c\u00e1 c\u01b0\u1ee3c theo ki\u1ec3u d\u1ef1 \u0111o\u00e1n k\u1ebft qu\u1ea3 tr\u1eadn \u0111\u1ea5u, th\u00ec ph\u1ea7n ph\u00e2n t\u00edch v\u00e0 d\u1ef1 \u0111o\u00e1n tr\u1eadn \u0111\u1ea5u c\u1ee7a Boleo.org s\u1ebd r\u1ea5t h\u1eefu \u00edch. Trang web n\u00e0y cung c\u1ea5p c\u00e1c d\u1ef1 \u0111o\u00e1n chi ti\u1ebft v\u1ec1 c\u00e1c tr\u1eadn \u0111\u1ea5u l\u1edbn, t\u1eeb c\u00e1c tr\u1eadn \u0111\u1ea5u c\u1ee7a c\u00e1c \u0111\u1ed9i b\u00f3ng m\u1ea1nh m\u1ebd t\u1ea1i c\u00e1c gi\u1ea3i \u0111\u1ea5u h\u00e0ng \u0111\u1ea7u cho \u0111\u1ebfn nh\u1eefng tr\u1eadn \u0111\u1ea5u c\u1ee7a c\u00e1c \u0111\u1ed9i b\u00f3ng y\u1ebfu h\u01a1n.<\/span><\/p>\n<p><img loading=\"lazy\" decoding=\"async\" class=\"aligncenter size-full wp-image-746\" src=\"https:\/\/boleo.org\/wp-content\/uploads\/2025\/03\/6-1.webp\" alt=\"\" width=\"800\" height=\"450\" \/><\/p>\n<p><span style=\"font-weight: 400;\">C\u00e1c chuy\u00ean gia c\u1ee7a Boleo.org s\u1ebd ph\u00e2n t\u00edch k\u1ef9 l\u01b0\u1ee1ng v\u1ec1 t\u1eebng tr\u1eadn \u0111\u1ea5u, t\u1eeb phong \u0111\u1ed9 hi\u1ec7n t\u1ea1i c\u1ee7a c\u00e1c \u0111\u1ed9i, \u0111\u1ed9i h\u00ecnh ra s\u00e2n, s\u1ef1 v\u1eafng m\u1eb7t c\u1ee7a c\u00e1c c\u1ea7u th\u1ee7 ch\u1ee7 ch\u1ed1t, cho \u0111\u1ebfn c\u00e1c y\u1ebfu t\u1ed1 b\u00ean l\u1ec1 c\u00f3 th\u1ec3 \u1ea3nh h\u01b0\u1edfng \u0111\u1ebfn k\u1ebft qu\u1ea3. C\u00e1c ph\u00e2n t\u00edch n\u00e0y s\u1ebd gi\u00fap b\u1ea1n \u0111\u01b0a ra nh\u1eefng quy\u1ebft \u0111\u1ecbnh c\u00e1 c\u01b0\u1ee3c s\u00e1ng su\u1ed1t h\u01a1n.<\/span><\/p>\n<h2><b>Th\u00f4ng Tin V\u1ec1 C\u00e1c \u0111\u1ea5u tr\u01b0\u1eddng danh gi\u00e1 b\u1eadc nh\u1ea5t Tr\u00ean Th\u1ebf Gi\u1edbi<\/b><\/h2>\n<p><span style=\"font-weight: 400;\">V\u1ec1 ch\u00fang t\u00f4i Boleo.org kh\u00f4ng ch\u1ec9 t\u1eadp trung v\u00e0o c\u00e1c gi\u1ea3i \u0111\u1ea5u trong n\u01b0\u1edbc m\u00e0 c\u00f2n cung c\u1ea5p nh\u1eefng th\u00f4ng tin chi ti\u1ebft v\u1ec1 c\u00e1c \u0111\u1ea5u tr\u01b0\u1eddng danh gi\u00e1 b\u1eadc nh\u1ea5t tr\u00ean th\u1ebf gi\u1edbi. N\u1ebfu b\u1ea1n l\u00e0 ng\u01b0\u1eddi th\u00edch c\u00e1 c\u01b0\u1ee3c c\u00e1c tr\u1eadn \u0111\u1ea5u c\u1ee7a c\u00e1c \u0111\u1ea5u tr\u01b0\u1eddng danh gi\u00e1 b\u1eadc nh\u1ea5t nh\u01b0 UEFA Champions League, Copa America, hay World Cup, th\u00ec Boleo.org l\u00e0 n\u01a1i b\u1ea1n c\u1ea7n \u0111\u1ebfn \u0111\u1ec3 c\u1eadp nh\u1eadt c\u00e1c tin t\u1ee9c v\u00e0 ph\u00e2n t\u00edch v\u1ec1 c\u00e1c gi\u1ea3i \u0111\u1ea5u n\u00e0y.<\/span><\/p>\n<h2><b>Chia S\u1ebb Kinh Nghi\u1ec7m C\u00e1 C\u01b0\u1ee3c T\u1eeb Nh\u1eefng Ng\u01b0\u1eddi \u0110i Tr\u01b0\u1edbc<\/b><\/h2>\n<p><span style=\"font-weight: 400;\">M\u1ed9t \u0111i\u1ec3m m\u1ea1nh kh\u00e1c c\u1ee7a Boleo.org l\u00e0 trang web n\u00e0y kh\u00f4ng ch\u1ec9 cung c\u1ea5p th\u00f4ng tin t\u1eeb c\u00e1c chuy\u00ean gia m\u00e0 c\u00f2n chia s\u1ebb kinh nghi\u1ec7m c\u00e1 c\u01b0\u1ee3c t\u1eeb ch\u00ednh nh\u1eefng ng\u01b0\u1eddi \u0111\u00e3 c\u00f3 kinh nghi\u1ec7m l\u00e2u n\u0103m trong ng\u00e0nh. C\u00e1c b\u00e0i vi\u1ebft, c\u00e2u chuy\u1ec7n th\u00e0nh c\u00f4ng v\u00e0 th\u1ea5t b\u1ea1i c\u1ee7a nh\u1eefng ng\u01b0\u1eddi c\u00e1 c\u01b0\u1ee3c s\u1ebd gi\u00fap b\u1ea1n h\u1ecdc h\u1ecfi v\u00e0 r\u00fat ra nh\u1eefng b\u00e0i h\u1ecdc qu\u00fd gi\u00e1 \u0111\u1ec3 \u00e1p d\u1ee5ng v\u00e0o chi\u1ebfn l\u01b0\u1ee3c c\u00e1 c\u01b0\u1ee3c c\u1ee7a m\u00ecnh.<\/span><\/p>\n<h2><b>Giao Di\u1ec7n kh\u00f4ng qu\u00e1 ph\u1ee9c t\u1ea1p v\u00e0 D\u1ec5 S\u1eed D\u1ee5ng<\/b><\/h2>\n<p><span style=\"font-weight: 400;\">Trang web Boleo.org \u0111\u01b0\u1ee3c thi\u1ebft k\u1ebf v\u1edbi giao di\u1ec7n \u0111\u01a1n gi\u1ea3n, d\u1ec5 s\u1eed d\u1ee5ng v\u00e0 d\u1ec5 d\u00e0ng truy c\u1eadp. V\u1edbi c\u1ea5u tr\u00fac r\u00f5 r\u00e0ng, b\u1ea1n s\u1ebd kh\u00f4ng g\u1eb7p kh\u00f3 kh\u0103n g\u00ec khi t\u00ecm ki\u1ebfm th\u00f4ng tin v\u1ec1 c\u00e1c tr\u1eadn \u0111\u1ea5u, gi\u1ea3i \u0111\u1ea5u hay c\u00e1c m\u1eb9o c\u00e1 c\u01b0\u1ee3c. M\u1ecdi th\u1ee9 \u0111\u1ec1u \u0111\u01b0\u1ee3c ph\u00e2n lo\u1ea1i r\u00f5 r\u00e0ng, t\u1eeb tin t\u1ee9c b\u00f3ng \u0111\u00e1, d\u1ef1 \u0111o\u00e1n k\u1ebft qu\u1ea3, \u0111\u1ebfn c\u00e1c b\u00e0i vi\u1ebft h\u01b0\u1edbng d\u1eabn c\u00e1 c\u01b0\u1ee3c.<\/span><\/p>\n<figure id=\"attachment_747\" aria-describedby=\"caption-attachment-747\" style=\"width: 800px\" class=\"wp-caption aligncenter\"><img loading=\"lazy\" decoding=\"async\" class=\"wp-image-747 size-full\" src=\"https:\/\/boleo.org\/wp-content\/uploads\/2025\/03\/7-1.webp\" alt=\"V\u1ec1 ch\u00fang t\u00f4i - Giao Di\u1ec7n kh\u00f4ng qu\u00e1 ph\u1ee9c t\u1ea1p v\u00e0 D\u1ec5 S\u1eed D\u1ee5ng\" width=\"800\" height=\"450\" \/><figcaption id=\"caption-attachment-747\" class=\"wp-caption-text\">V\u1ec1 ch\u00fang t\u00f4i &#8211; Giao Di\u1ec7n kh\u00f4ng qu\u00e1 ph\u1ee9c t\u1ea1p v\u00e0 D\u1ec5 S\u1eed D\u1ee5ng<\/figcaption><\/figure>\n<p><span style=\"font-weight: 400;\">Boleo.org lu\u00f4n ch\u00fa tr\u1ecdng \u0111\u1ebfn tr\u1ea3i nghi\u1ec7m ng\u01b0\u1eddi d\u00f9ng, gi\u00fap b\u1ea1n d\u1ec5 d\u00e0ng theo d\u00f5i th\u00f4ng tin b\u00f3ng \u0111\u00e1 v\u00e0 c\u00e1c m\u1eb9o c\u00e1 c\u01b0\u1ee3c m\u00e0 kh\u00f4ng m\u1ea5t qu\u00e1 nhi\u1ec1u th\u1eddi gian t\u00ecm ki\u1ebfm.<\/span><\/p>\n<h2><b>L\u00fd Do N\u00ean Ch\u1ecdn Boleo.org<\/b><\/h2>\n<p><span style=\"font-weight: 400;\">N\u1ebfu b\u1ea1n l\u00e0 m\u1ed9t ng\u01b0\u1eddi \u0111am m\u00ea c\u00e1 c\u01b0\u1ee3c v\u00e0 b\u00f3ng \u0111\u00e1, th\u00ec Boleo.org ch\u00ednh l\u00e0 m\u1ed9t trong nh\u1eefng website b\u1ea1n kh\u00f4ng th\u1ec3 b\u1ecf qua. T\u1ea1i \u0111\u00e2y, b\u1ea1n kh\u00f4ng ch\u1ec9 nh\u1eadn \u0111\u01b0\u1ee3c nh\u1eefng th\u00f4ng tin b\u00f3ng \u0111\u00e1 c\u1eadp nh\u1eadt, m\u00e0 c\u00f2n c\u00f3 th\u1ec3 h\u1ecdc h\u1ecfi nh\u1eefng chi\u1ebfn thu\u1eadt c\u00e1 c\u01b0\u1ee3c t\u1eeb nh\u1eefng ng\u01b0\u1eddi c\u00f3 kinh nghi\u1ec7m. H\u00e3y truy c\u1eadp Boleo.org \u0111\u1ec3 n\u00e2ng cao hi\u1ec3u bi\u1ebft b\u00f3ng \u0111\u00e1 v\u00e0 c\u1ea3i thi\u1ec7n kh\u1ea3 n\u0103ng c\u00e1 c\u01b0\u1ee3c c\u1ee7a b\u1ea1n.<\/span><\/p>\n<p><span style=\"font-weight: 400;\">V\u1edbi s\u1ef1 phong ph\u00fa v\u1ec1 n\u1ed9i dung, th\u00f4ng tin v\u00e0 ph\u00e2n t\u00edch chuy\u00ean s\u00e2u, V\u1ec1 ch\u00fang t\u00f4i Boleo.org s\u1ebd l\u00e0 ng\u01b0\u1eddi b\u1ea1n \u0111\u1ed3ng h\u00e0nh tuy\u1ec7t v\u1eddi trong h\u00e0nh tr\u00ecnh c\u00e1 c\u01b0\u1ee3c c\u1ee7a b\u1ea1n.<\/span><\/p>\n","protected":false},"excerpt":{"rendered":"<p>Ch\u00e0o c\u00e1c anh em \u0111am m\u00ea b\u00f3ng \u0111\u00e1 v\u00e0 c\u00e1 c\u01b0\u1ee3c! N\u1ebfu b\u1ea1n l\u00e0 m\u1ed9t ng\u01b0\u1eddi th\u00edch theo d\u00f5i c\u00e1c tr\u1eadn \u0111\u1ea5u, t\u00ecm hi\u1ec3u s\u00e2u v\u1ec1 c\u00e1c \u0111\u1ed9i b\u00f3ng, c\u1ea7u th\u1ee7 v\u00e0 nh\u1eefng chi\u1ebfn thu\u1eadt tr\u00ean s\u00e2n c\u1ecf, th\u00ec ch\u1eafc ch\u1eafn b\u1ea1n kh\u00f4ng th\u1ec3 b\u1ecf qua trang web Boleo.org. V\u1ec1 ch\u00fang t\u00f4i l\u00e0 m\u1ed9t \u0111\u1ecba [&#8230;]\n","protected":false},"author":6,"featured_media":748,"parent":0,"menu_order":0,"comment_status":"closed","ping_status":"closed","template":"","meta":{"footnotes":""},"class_list":["post-773","page","type-page","status-publish","has-post-thumbnail","hentry"],"acf":[],"_links":{"self":[{"href":"https:\/\/boleo.org\/index.php?rest_route=\/wp\/v2\/pages\/773","targetHints":{"allow":["GET"]}}],"collection":[{"href":"https:\/\/boleo.org\/index.php?rest_route=\/wp\/v2\/pages"}],"about":[{"href":"https:\/\/boleo.org\/index.php?rest_route=\/wp\/v2\/types\/page"}],"author":[{"embeddable":true,"href":"https:\/\/boleo.org\/index.php?rest_route=\/wp\/v2\/users\/6"}],"replies":[{"embeddable":true,"href":"https:\/\/boleo.org\/index.php?rest_route=%2Fwp%2Fv2%2Fcomments&post=773"}],"version-history":[{"count":2,"href":"https:\/\/boleo.org\/index.php?rest_route=\/wp\/v2\/pages\/773\/revisions"}],"predecessor-version":[{"id":777,"href":"https:\/\/boleo.org\/index.php?rest_route=\/wp\/v2\/pages\/773\/revisions\/777"}],"wp:featuredmedia":[{"embeddable":true,"href":"https:\/\/boleo.org\/index.php?rest_route=\/wp\/v2\/media\/748"}],"wp:attachment":[{"href":"https:\/\/boleo.org\/index.php?rest_route=%2Fwp%2Fv2%2Fmedia&parent=773"}],"curies":[{"name":"wp","href":"https:\/\/api.w.org\/{rel}","templated":true}]}}